ndreds digit of 32647650?
6
What is the ten thousands digit of 19449717?
4
What is the millions digit of 1868642?
1
What is the thousands digit of 411411?
1
What is the hundreds digit of 11573734?
7
What is the hundreds digit of 1163743?
7
What is the ten thousands digit of 21792?
2
What is the millions digit of 5770253?
5
What is the ten thousands digit of 10722418?
2
What is the tens digit of 31605480?
8
What is the thousands digit of 732232?
2
What is the ten thousands digit of 377634?
7
What is the ten thousands digit of 351291?
5
What is the hundreds digit of 14334990?
9
What is the millions digit of 19091535?
9
What is the millions digit of 13398617?
3
What is the hundreds digit of 86282?
2
What is the hundred thousands digit of 17725034?
7
What is the millions digit of 1187495?
1
What is the units digit of 1982950?
0
What is the hundred thousands digit of 696804?
6
What is the hundred thousands digit of 3901685?
9
What is the hundreds digit of 5229058?
0
What is the ten thousands digit of 3447160?
4
What is the ten thousands digit of 26650?
2
What is the units digit of 337549?
9
What is the ten thousands digit of 1163425?
6
What is the hundred thousands digit of 7671092?
6
What is the ten thousands digit of 1895427?
9
What is the hundred thousands digit of 628620?
6
What is the tens digit of 19442525?
2
What is the ten thousands digit of 1591142?
9
What is the ten thousands digit of 672467?
7
What is the thousands digit of 4420425?
0
What is the units digit of 201678?
8
What is the thousands digit of 2811733?
1
What is the millions digit of 8744932?
8
What is the thousands digit of 1193643?
3
What is the thousands digit of 416167?
6
What is the hundred thousands digit of 7703477?
7
What is the hundreds digit of 7002211?
2
What is the thousands digit of 9103266?
3
What is the hundreds digit of 793040?
0
What is the thousands digit of 109064?
9
What is the hundred thousands digit of 680383?
6
What is the hundreds digit of 591224?
2
What is the millions digit of 1232451?
1
What is the ten thousands digit of 1100966?
0
What is the hundreds digit of 7033369?
3
What is the hundreds digit of 464484?
4
What is the hundreds digit of 2312937?
9
What is the tens digit of 780513?
1
What is the units digit of 9854006?
6
What is the ten thousands digit of 1036446?
3
What is the thousands digit of 625189?
5
What is the ten thousands digit of 716326?
1
What is the thousands digit of 1953274?
3
What is the hundreds digit of 85749?
7
What is the millions digit of 6937843?
6
What is the units digit of 987223?
3
What is the ten thousands digit of 224268?
2
What is the ten thousands digit of 16690?
1
What is the hundreds digit of 30104?
1
What is the hundred thousands digit of 10944144?
9
What is the units digit of 661837?
7
What is the thousands digit of 33900786?
0
What is the hundreds digit of 1404709?
7
What is the ten thousands digit of 16985245?
8
What is the tens digit of 817283?
8
What is the thousands digit of 4293032?
3
What is the ten thousands digit of 105747?
0
What is the tens digit of 516588?
8
What is the thousands digit of 2629315?
9
What is the thousands digit of 1542701?
2
What is the thousands digit of 875967?
5
What is the ten thousands digit of 13886281?
8
What is the thousands digit of 6254976?
4
What is the ten thousands digit of 1834540?
3
What is the units digit of 4429325?
5
What is the units digit of 2019962?
2
What is the tens digit of 638786?
8
What is the ten millions digit of 25382972?
2
What is the ten thousands digit of 44277?
4
What is the units digit of 7466?
6
What is the hundreds digit of 595214?
2
What is the units digit of 5213768?
8
What is the thousands digit of 976269?
6
What is the tens digit of 1936551?
5
What is the hundreds digit of 1241411?
4
What is the tens digit of 1981992?
9
What is the thousands digit of 2406501?
6
What is the tens digit of 4047444?
4
What is the hundreds digit of 15722951?
9
What is the ten thousands digit of 1528259?
2
What is the ten thousands digit of 1525225?
2
What is the thousands digit of 452399?
2
What is the thousands digit of 226457?
6
What is the tens digit of 1959749?
4
What is the tens digit of 6837163?
6
What is the millions digit of 2625751?
2
What is the ten thousands digit of 11842665?
4
What is the hundred thousands digit of 135076?
1
What is the hundreds digit of 810500?
5
What is the millions digit of 12001951?
2
What is the ten thousands digit of 193973?
9
What is the hundreds digit of 1026877?
8
What is the units digit of 100642?
2
What is the units digit of 1491302?
2
What is the tens digit of 5954880?
8
What is the thousands digit of 662593?
2
What is the thousands digit of 6803489?
3
What is the hundred thousands digit of 2122093?
1
What is the ten thousands digit of 10823851?
2
What is the ten thousands digit of 3225307?
2
What is the ten millions digit of 22386593?
2
What is the hundred thousands digit of 2320974?
3
What is the millions digit of 6322060?
6
What is the ten thousands digit of 2568670?
6
What is the ten thousands digit of 1081638?
8
What is the thousands digit of 37591?
7
What is the ten thousands digit of 89786?
8
What is the tens digit of 696552?
5
What is the units digit of 406254?
4
What is the millions digit of 2852514?
2
What is the millions digit of 2210586?
2
What is the units digit of 261455?
5
What is the ten thousands digit of 1580979?
8
What is the thousands digit of 2663275?
3
What is the units digit of 11083140?
0
What is the hundred thousands digit of 9206430?
2
What is the thousands digit of 27596978?
6
What is the units digit of 12563192?
2
What is the ten thousands digit of 1002120?
0
What is the thousands digit of 1377218?
7
What is the units digit of 20202161?
1
What is the units digit of 9458037?
7
What is the hundreds digit of 390474?
4
What is the hundred thousands digit of 10148011?
1
What is the millions digit of 2312865?
2
What is the hundreds digit of 268822?
8
What is the hundreds digit of 937712?
7
What is the thousands digit of 12687?
2
What is the thousands digit of 3439643?
9
What is the thousands digit of 699436?
9
What is the tens digit of 1920479?
7
What is the units digit of 96458?
8
What is the units digit of 3574707?
7
What is the ten thousands digit of 331747?
3
What is the hundreds digit of 93696?
6
What is the units digit of 54414?
4
What is the ten thousands digit of 13277186?
7
What is the units digit of 408454?
4
What is the ten thousands digit of 7862245?
6
What is the ten thousands digit of 6621305?
2
What is the tens digit of 2647167?
6
What is the hundreds digit of 323464?
4
What is the units digit of 3303333?
3
What is the units digit of 5241053?
3
What is the tens digit of 1975871?
7
What is the hundred thousands digit of 1259889?
2
What is the ten thousands digit of 1618862?
1
What is the units digit of 3696851?
1
What is the tens digit of 905078?
7
What is the ten thousands digit of 301325?
0
What is the tens digit of 3961146?
4
What is the hundreds digit of 2538755?
7
What is the tens digit of 8289025?
2
What is the thousands digit of 248380?
8
What is the hundreds digit of 2207941?
9
What is the hundred thousands digit of 8004815?
0
What is the thousands digit of 5907279?
7
What is the hundreds digit of 5740402?
4
What is the units digit of 412043?
3
What is the tens digit of 2573057?
5
What is the units digit of 505153?
3
What is the tens digit of 2908124?
2
What is the hundreds digit of 394717?
7
What is the hundreds digit of 18449486?
4
What is the hundreds digit of 7368769?
7
What is the tens digit of 1982541?
4
What is the hundreds digit of 636980?
9
What is the units digit of 102676?
6
What is the hundred thousands digit of 1182613?
1
What is the units digit of 193043?
3
What is the tens digit of 11993330?
3
What is the tens digit of 573007?
0
What is the hundred thousands digit of 2159087?
1
What is the hundred thousands digit of 35334067?
3
What is the thousands digit of 199929?
9
What is the hundred thousands digit of 922142?
9
What is the thousands digit of 16661875?
1
What is the units digit of 466696?
6
What is the thousands digit of 299472?
9
What is the hundred thousands digit of 368973?
3
What is the hundred thousands digit of 557954?
5
What is the hundreds digit of 1285733?